775 a multiple of 20?
False
Is 12 a factor of 192?
True
Is 648 a multiple of 24?
True
Is 20 a factor of 4483?
False
Is 24 a factor of 2616?
True
Is 48836 a multiple of 42?
False
Does 198 divide 44002?
False
Is 3 a factor of 108?
True
Is 114 a factor of 316?
False
Is 37 a factor of 1732?
False
Is 4 a factor of 711?
False
Is 21 a factor of 1050?
True
Is 42032 a multiple of 284?
True
Is 11 a factor of 568?
False
Is 47 a factor of 942?
False
Is 1755 a multiple of 39?
True
Does 115 divide 5290?
True
Is 601 a multiple of 28?
False
Does 6 divide 12132?
True
Is 832 a multiple of 10?
False
Is 646 a multiple of 38?
True
Does 80 divide 17680?
True
Is 15 a factor of 555?
True
Is 702 a multiple of 18?
True
Is 16830 a multiple of 51?
True
Is 7862 a multiple of 47?
False
Is 5980 a multiple of 46?
True
Is 49967 a multiple of 263?
False
Is 1122 a multiple of 22?
True
Is 172 a factor of 17372?
True
Is 105 a multiple of 6?
False
Does 4 divide 3224?
True
Is 35 a factor of 543?
False
Is 102 a factor of 16394?
False
Is 1254 a multiple of 73?
False
Is 40 a factor of 4400?
True
Does 4 divide 486?
False
Is 201684 a multiple of 28?
True
Does 66 divide 5614?
False
Is 21 a factor of 1050?
True
Is 2 a factor of 17092?
True
Does 16 divide 6256?
True
Does 25 divide 475?
True
Does 30 divide 92490?
True
Does 78 divide 7176?
True
Is 62 a factor of 1706?
False
Is 1344 a multiple of 12?
True
Is 4005 a multiple of 74?
False
Does 23 divide 7636?
True
Does 44 divide 1352?
False
Is 14 a factor of 3458?
True
Is 658 a multiple of 26?
False
Does 2 divide 93?
False
Is 143 a factor of 80795?
True
Does 25 divide 1125?
True
Is 218 a factor of 19688?
False
Is 602 a multiple of 43?
True
Is 24780 a multiple of 118?
True
Does 26 divide 1066?
True
Does 5 divide 53?
False
Is 630 a multiple of 35?
True
Does 4 divide 60?
True
Is 2098 a multiple of 98?
False
Is 3 a factor of 3648?
True
Is 86 even?
True
Does 8 divide 1248?
True
Is 504 a multiple of 36?
True
Is 57 a factor of 513?
True
Is 37 a factor of 175?
False
Does 98 divide 1080?
False
Does 2 divide 521?
False
Does 18 divide 5577?
False
Is 34315 a multiple of 11?
False
Does 66 divide 2216?
False
Does 30 divide 437?
False
Does 11 divide 407?
True
Is 1056 a multiple of 19?
False
Is 167 a factor of 38551?
False
Is 46 a multiple of 5?
False
Is 64 a factor of 2940?
False
Is 2 a factor of 787?
False
Is 84 a factor of 1260?
True
Is 1321 a multiple of 19?
False
Is 1755 a multiple of 65?
True
Is 805 a multiple of 35?
True
Is 2 a factor of 215?
False
Is 6321 a multiple of 49?
True
Is 144 a multiple of 12?
True
Does 26 divide 10972?
True
Does 3 divide 190?
False
Is 3 a factor of 2918?
False
Is 16 a factor of 944?
True
Is 1566 a multiple of 18?
True
Is 18 a factor of 36241?
False
Is 5 a factor of 564?
False
Is 14 a factor of 26?
False
Is 9 a factor of 2054?
False
Is 8 a factor of 477?
False
Is 2622 a multiple of 47?
False
Is 520 a multiple of 4?
True
Does 92 divide 5244?
True
Is 9 a factor of 124?
False
Is 29164 a multiple of 135?
False
Does 20 divide 994?
False
Is 4365 a multiple of 15?
True
Is 16 a factor of 8224?
True
Is 86 a multiple of 20?
False
Is 9 a factor of 32436?
True
Is 61 a factor of 63510?
False
Does 12 divide 672?
True
Does 15 divide 1045?
False
Is 17 a factor of 5153?
False
Is 9 a factor of 344?
False
Is 16 a factor of 906?
False
Is 54 a factor of 3729?
False
Is 7 a factor of 278?
False
Is 52 a factor of 17890?
False
Is 2499 a multiple of 21?
True
Is 16800 a multiple of 84?
True
Does 11 divide 2185?
False
Is 40 a factor of 23383?
False
Is 648 a multiple of 23?
False
Is 27432 a multiple of 10?
False
Is 13928 a multiple of 8?
True
Is 10 a factor of 138?
False
Is 70860 a multiple of 145?
False
Is 4 a factor of 72?
True
Is 9 a factor of 14166?
True
Does 192 divide 57984?
True
Is 4 a factor of 4096?
True
Is 7 a factor of 2897?
False
Is 163 a multiple of 112?
False
Is 10248 a multiple of 61?
True
Is 11599 a multiple of 12?
False
Is 3272 a multiple of 22?
False
Is 7950 a multiple of 30?
True
Is 10 a factor of 100?
True
Does 3 divide 4079?
False
Is 2286 a multiple of 15?
False
Is 58 a factor of 48736?
False
Is 418 a multiple of 57?
False
Is 14 a factor of 140?
True
Is 9 a factor of 1235?
False
Is 76 even?
True
Is 5059 a multiple of 8?
False
Does 61 divide 186?
False
Does 6 divide 10384?
False
Is 3 a factor of 5061?
True
Does 3 divide 35333?
False
Is 36 a factor of 66528?
True
Does 4 divide 1900?
True
Does 3 divide 481?
False
Is 1157 a multiple of 13?
True
Is 27312 a multiple of 16?
True
Does 27 divide 37989?
True
Is 13 a factor of 325?
True
Does 11 divide 330?
True
Does 65 divide 25155?
True
Does 27 divide 1484?
False
Does 22 divide 6306?
False
Does 97 divide 4268?
True
Is 7752 a multiple of 152?
True
Is 158 a multiple of 22?
False
Does 3 divide 249?
True
Is 28 a factor of 4255?
False
Is 1139 a multiple of 17?
True
Is 43 a factor of 2131?
False
Is 1841 a multiple of 27?
False
Is 200 a multiple of 20?
True
Is 27 a factor of 27411?
False
Is 77 a factor of 44275?
True
Is 12210 a multiple of 111?
True
Does 5 divide 244?
False
Is 17580 a multiple of 43?
False
Is 20582 a multiple of 82?
True
Is 21696 a multiple of 48?
True
Is 2758 a multiple of 58?
False
Is 21624 a multiple of 12?
True
Is 42498 a multiple of 33?
False
Does 17 divide 12771?
False
Is 649 a multiple of 64?
False
Does 12 divide 8576?
False
Does 37 divide 28342?
True
Is 822 a multiple of 74?
False
Is 1783 a multiple of 2?
False
Is 1233 a multiple of 11?
False
Is 4470 a multiple of 30?
True
Is 9022 a multiple of 4?
False
Is 1642 a multiple of 45?
False
Is 29 a factor of 406?
True
Is 276 even?
True
Is 2964 a multiple of 76?
True
Is 3978 a multiple of 102?
True
Is 5 a factor of 136?
False
Is 731 a multiple of 17?
True
Is 7 a factor of 56?
True
Is 18 a factor of 2940?
False
Is 2653 a multiple of 13?
False
Is 17 a factor of 1887?
True
Does 22 divide 555?
False
Is 37 a factor of 2664?
True
Is 5 a factor of 16425?
True
Is 40 a factor of 576?
False
Is 2 a factor of 109?
False
Is 133 a factor of 1332?
False
Is 750 a multiple of 75?
True
Is 25 a factor of 10589?
False
Is 5724 a multiple of 36?
True
Is 260 a multiple of 17?
False
Does 29 divide 499?
False
Is 144 a multiple of 9?
True
Is 522 a multiple of 58?
True
Is 1380 a multiple of 85?
False
Is 83904 a multiple of 304?
True
Does 23 divide 205?
False
Is 3864 a multiple of 28?
True
Does 10 divide 1027?
False
Is 1858 a multiple of 11?
False
Does 6 divide 2877?
False
Does 106 divide 17278?
True
Is 6180 a multiple of 136?
False
Does 53 divide 3286?
True
Is 37919 a multiple of 136?
False
Is 30 a factor of 623?
False
Is 3335 a multiple of 115?
True
Is 12 a factor of 19332?
True
Is 167 a multiple of 3?
False
Is 10800 a multiple of 4?
True
Is 19 a factor of 6839?
False
Is 124 a factor of 34348?
True
Does 33 divide 57453?
True
Is 1081 a multiple of 55?
False
Is 14294 a multiple of 10?
False
Does 17 divide 986?
True
Does 7 divide 2520?
True
Is 7602 a multiple of 21?
True
Does 14 divide 15591?
False
Is 26 a factor of 1456?
True
Does 16 divide 23381?
False
Does 11 divide 3102?
True
Is 8964 a multiple of 13?
False
Does 23 divide 1173?
True
Is 256 a multiple of 19?
False
Does 377 divide 61855?
False
Is 32 a factor of 27872?
True
Does 32 divide 444?
False
Is 262 a multiple of 3?
False
Does 6 divide 704?
False
Does 167 divide 7348?
True
Is 99 a factor of 19697?
False
Is 890 a multiple of 29?
False
Does 139 divide 22724?
False
Does 28 divide 1479?
False
Is 5 a factor of 212?
False
Is 6100 a multiple of 20?
True
Is 5 a factor of 31355?
True
Is 110 a factor of 29018?
False
Is 806 a multiple of 41?
False
Does 6 divide 1992?
True
Does 16 divide 429?
False
Is 7752 a multiple of 34?
True
Does 20 divide 140?
True
Does 9 divide 2448?
True
Does 3 divide 36?
True
Does 64 divide 128?
True
Does 17 divide 544?
True
Is 149 a factor of 8046?
True
Does 132 divide 4296?
False
Is 1042 a multiple of 95?
False
Is 17 a factor of 2159?
True
Is 14 a factor of 23967?
False
Is 247 a factor of 39273?
True
Is 1690 a multiple of 130?
True
Is 9709 a multiple of 19?
True
Does 6 divide 4860?
True
Does 14 divide 799?
False
Does 6 divide 1902?
True
Is 10 a factor of 513?
False
Does 13 divide 4158?
False
Is 4585 a multiple of 159?
False
Is 41 a multiple of 9?
False
Does 60 divide 1920?
True
Is 15 